{"id":2050,"date":"2017-05-17T13:05:07","date_gmt":"2017-05-17T11:05:07","guid":{"rendered":"http:\/\/www.schuetzenclub-windecken.de\/?page_id=2050"},"modified":"2025-09-22T16:36:27","modified_gmt":"2025-09-22T14:36:27","slug":"sponsoren","status":"publish","type":"page","link":"https:\/\/www.schuetzenclub-windecken.de\/?page_id=2050","title":{"rendered":"Sponsoren"},"content":{"rendered":"<p align=\"center\"><a href=\"http:\/\/www.optik-leibold.de\" target=\"\u201d_blank\u201d\"><img loading=\"lazy\" decoding=\"async\" class=\"alignnone size-thumbnail wp-image-2136\" src=\"http:\/\/www.schuetzenclub-windecken.de\/wp-content\/uploads\/2017\/05\/Optik-Leibold-150x97.png\" alt=\"Optik Leibold\" width=\"150\" height=\"97\" srcset=\"https:\/\/www.schuetzenclub-windecken.de\/wp-content\/uploads\/2017\/05\/Optik-Leibold-150x97.png 150w, https:\/\/www.schuetzenclub-windecken.de\/wp-content\/uploads\/2017\/05\/Optik-Leibold-300x194.png 300w, https:\/\/www.schuetzenclub-windecken.de\/wp-content\/uploads\/2017\/05\/Optik-Leibold-768x496.png 768w, https:\/\/www.schuetzenclub-windecken.de\/wp-content\/uploads\/2017\/05\/Optik-Leibold-1024x661.png 1024w, https:\/\/www.schuetzenclub-windecken.de\/wp-content\/uploads\/2017\/05\/Optik-Leibold.png 1753w\" sizes=\"auto, (max-width: 150px) 100vw, 150px\" \/><\/a><\/p>\n<p><!--  \n\n<p align=\"center\"><a href=\"http:\/\/www.meyton.de\" target=\"\u201d_blank\u201d\"><img loading=\"lazy\" decoding=\"async\" class=\"alignnone wp-image-2136\" src=\"http:\/\/www.schuetzenclub-windecken.de\/wp-content\/uploads\/2017\/05\/Meyton-e1496233636433.png\" alt=\"Meyton\" width=\"150\" height=\"97\" \/><\/a><\/p>\n\n  --><\/p>\n<p><!-- \n\n<p align=\"center\"><img loading=\"lazy\" decoding=\"async\" class=\"alignnone size-thumbnail wp-image-2136\" src=\"http:\/\/www.schuetzenclub-windecken.de\/wp-content\/uploads\/2017\/05\/zum-Ritter.png\" alt=\"Hotel zum Ritter\" width=\"178\" height=\"87\" \/><\/p>\n\n --><\/p>\n<p><!--\n\n<p align=\"center\"><a href=\"http:\/\/www.schiess-sport-breuberg.de\" target=\"\u201d_blank\u201d\"><img loading=\"lazy\" decoding=\"async\" class=\"alignnone size-thumbnail wp-image-2136\" src=\"http:\/\/www.schuetzenclub-windecken.de\/wp-content\/uploads\/2017\/05\/Schie\u00dfsport-Breuberg.jpg\" alt=\"Schiesssport Breuberg\" width=\"408\" height=\"66\" \/><\/a><\/p>\n\n  --><\/p>\n<p><!-- \n\n<p align=\"center\"><a href=\"http:\/\/www.staaf.de\/\"><img loading=\"lazy\" decoding=\"async\" class=\"\" src=\"https:\/\/encrypted-tbn0.gstatic.com\/images?q=tbn:ANd9GcS-NORC4RDw7QM3WLJ5s6b1ky3yMqr9DPm0nKRNPO88DgC1ELBeUg\" alt=\"Bildergebnis f\u00fcr autohaus staaf\" width=\"249\" height=\"167\" \/><\/a><\/p>\n\n  --><\/p>\n<p><!--  \n\n<p align=\"center\"><a href=\"http:\/\/www.schaefer-busreisen.de\/\"><img loading=\"lazy\" decoding=\"async\" class=\"\" src=\"http:\/\/www.busfahrermagazin.de\/fm\/3335\/Sch%C3%A4fer_CC500_Optimiert.jpg\" alt=\"Bildergebnis f\u00fcr busreisen sch\u00e4fer nidderau\" width=\"218\" height=\"135\" \/><\/a><a --> <\/p>\n<p><!--  \n\n<p align=\"center\"><a href=\"https:\/\/www.sparkasse.de\/filialen\/n\/sparkasse-hanau-filiale-windecken\/7481.html\"><img loading=\"lazy\" decoding=\"async\" class=\"aligncenter\" src=\"http:\/\/www.brk-kurier.de\/images\/stories\/00-Fundus\/Sparkasse-Hanau.jpg\" alt=\"Bildergebnis f\u00fcr sparkasse hanau\" width=\"314\" height=\"136\" \/><\/a><\/p>\n\n  --><\/p>\n<p><!--  \n\n<p align=\"center\"><a href=\"http:\/\/www.restaurant-datonino.de\/\"><img loading=\"lazy\" decoding=\"async\" class=\"aligncenter\" src=\"http:\/\/www.restaurant-datonino.de\/images\/yootheme\/logo-small.png\" alt=\"Bildergebnis f\u00fcr ristorante da tonino rossdorf\" width=\"324\" height=\"95\" \/><\/a><\/p>\n\n\n\n\n<p align=\"center\">\n\n  --><\/p>\n<p>Hier k\u00f6nnte auch Ihre Werbung stehen.<\/p>\n<p>Bei Interesse uns und unseren Sport zu unterst\u00fctzen, nutzen Sie f\u00fcr die 1. Kontaktaufnahme bitte das Kontaktformular.<\/p>\n","protected":false},"excerpt":{"rendered":"<p>Hier k\u00f6nnte auch Ihre Werbung stehen. Bei Interesse uns und unseren Sport zu unterst\u00fctzen, nutzen Sie f\u00fcr die 1. Kontaktaufnahme bitte das Kontaktformular.<\/p>\n","protected":false},"author":1,"featured_media":0,"parent":0,"menu_order":0,"comment_status":"closed","ping_status":"closed","template":"onecolumn-page.php","meta":{"footnotes":""},"class_list":["post-2050","page","type-page","status-publish","hentry"],"_links":{"self":[{"href":"https:\/\/www.schuetzenclub-windecken.de\/index.php?rest_route=\/wp\/v2\/pages\/2050","targetHints":{"allow":["GET"]}}],"collection":[{"href":"https:\/\/www.schuetzenclub-windecken.de\/index.php?rest_route=\/wp\/v2\/pages"}],"about":[{"href":"https:\/\/www.schuetzenclub-windecken.de\/index.php?rest_route=\/wp\/v2\/types\/page"}],"author":[{"embeddable":true,"href":"https:\/\/www.schuetzenclub-windecken.de\/index.php?rest_route=\/wp\/v2\/users\/1"}],"replies":[{"embeddable":true,"href":"https:\/\/www.schuetzenclub-windecken.de\/index.php?rest_route=%2Fwp%2Fv2%2Fcomments&post=2050"}],"version-history":[{"count":61,"href":"https:\/\/www.schuetzenclub-windecken.de\/index.php?rest_route=\/wp\/v2\/pages\/2050\/revisions"}],"predecessor-version":[{"id":4730,"href":"https:\/\/www.schuetzenclub-windecken.de\/index.php?rest_route=\/wp\/v2\/pages\/2050\/revisions\/4730"}],"wp:attachment":[{"href":"https:\/\/www.schuetzenclub-windecken.de\/index.php?rest_route=%2Fwp%2Fv2%2Fmedia&parent=2050"}],"curies":[{"name":"wp","href":"https:\/\/api.w.org\/{rel}","templated":true}]}}