{"id":1651,"date":"2016-03-05T17:44:48","date_gmt":"2016-03-05T16:44:48","guid":{"rendered":"http:\/\/www.schuetzenclub-windecken.de\/?page_id=1651"},"modified":"2022-12-30T19:28:44","modified_gmt":"2022-12-30T18:28:44","slug":"1-sportpistolen-mannschaft","status":"publish","type":"page","link":"https:\/\/www.schuetzenclub-windecken.de\/?page_id=1651","title":{"rendered":"1. Sportpistolen Mannschaft"},"content":{"rendered":"<h1 class=\"entry-title\">Hessenliga<\/h1>\n\n<table id=\"tablepress-62\" class=\"tablepress tablepress-id-62\">\n<thead>\n<tr class=\"row-1\">\n\t<th class=\"column-1\">Tag<\/th><th class=\"column-2\">Datum<\/th><th class=\"column-3\">Zeit<\/th><th class=\"column-4\">Heimmannschaft<\/th><th class=\"column-5\">Gastmannschaft<\/th><th class=\"column-6\">Mannschaftsringe<\/th><th class=\"column-7\">Einzelpunkte<\/th><th class=\"column-8\">Punkte<br \/>\nSCW<\/th>\n<\/tr>\n<\/thead>\n<tbody class=\"row-striping row-hover\">\n<tr class=\"row-2\">\n\t<td class=\"column-1\">Samstag<\/td><td class=\"column-2\">29.03.2025<\/td><td class=\"column-3\">14:00<\/td><td class=\"column-4\">SC 06 Windecken 1<\/td><td class=\"column-5\">SV Motzfeld<\/td><td class=\"column-6\">  2160 : 2195<\/td><td class=\"column-7\">   1 : 4<\/td><td class=\"column-8\">0:2<\/td>\n<\/tr>\n<tr class=\"row-3\">\n\t<td class=\"column-1\">Samstag<\/td><td class=\"column-2\">12.04.2025<\/td><td class=\"column-3\">14:00<\/td><td class=\"column-4\">SC 06 Windecken 1<\/td><td class=\"column-5\">SV Willingshain<\/td><td class=\"column-6\">  2177 : 2137<\/td><td class=\"column-7\">   4 : 1<\/td><td class=\"column-8\">2:2<\/td>\n<\/tr>\n<tr class=\"row-4\">\n\t<td class=\"column-1\">Samstag<\/td><td class=\"column-2\">10.05.2025<\/td><td class=\"column-3\">14:00<\/td><td class=\"column-4\">SV Hub.H\u00fcttenges\u00e4\u00df<\/td><td class=\"column-5\">SC 06 Windecken 1<\/td><td class=\"column-6\">  2275 : 2198<\/td><td class=\"column-7\">   5 : 0<\/td><td class=\"column-8\">2:4<\/td>\n<\/tr>\n<tr class=\"row-5\">\n\t<td class=\"column-1\">Samstag<\/td><td class=\"column-2\">24.05.2025   <\/td><td class=\"column-3\">16:00<\/td><td class=\"column-4\">SV Verna - Allendorf<\/td><td class=\"column-5\">SV Verna -Allendorf<\/td><td class=\"column-6\">  2251 : 2164<\/td><td class=\"column-7\">   4 : 1<\/td><td class=\"column-8\">2:6<\/td>\n<\/tr>\n<tr class=\"row-6\">\n\t<td class=\"column-1\">Samstag<\/td><td class=\"column-2\">06.09.2025<\/td><td class=\"column-3\">14:00<\/td><td class=\"column-4\">SC 06 Windecken 1<\/td><td class=\"column-5\">SG Herolz<\/td><td class=\"column-6\">  2189 : 2191<\/td><td class=\"column-7\">   2 : 3<\/td><td class=\"column-8\">2:8<\/td>\n<\/tr>\n<tr class=\"row-7\">\n\t<td class=\"column-1\">Samstag<\/td><td class=\"column-2\">13.09.2025<\/td><td class=\"column-3\">14:00<\/td><td class=\"column-4\">SC 06 Windecken 1<\/td><td class=\"column-5\">SV Klein-Welzheim<\/td><td class=\"column-6\">  2198 : 2194<\/td><td class=\"column-7\">   3 : 2<\/td><td class=\"column-8\">4:8<\/td>\n<\/tr>\n<tr class=\"row-8\">\n\t<td class=\"column-1\">Samstag<\/td><td class=\"column-2\">27.09.2025<\/td><td class=\"column-3\">17:00<\/td><td class=\"column-4\">SV Falken - Ges\u00e4\u00df<\/td><td class=\"column-5\">SC 06 Windecken 1<\/td><td class=\"column-6\"><\/td><td class=\"column-7\"><\/td><td class=\"column-8\"><\/td>\n<\/tr>\n<tr class=\"row-9\">\n\t<td class=\"column-1\"><\/td><td class=\"column-2\"><\/td><td class=\"column-3\"><\/td><td class=\"column-4\"><\/td><td class=\"column-5\"><\/td><td class=\"column-6\">     <\/td><td class=\"column-7\">       <\/td><td class=\"column-8\"><\/td>\n<\/tr>\n<tr class=\"row-10\">\n\t<td class=\"column-1\"><\/td><td class=\"column-2\"><\/td><td class=\"column-3\"><\/td><td class=\"column-4\"><\/td><td class=\"column-5\"><\/td><td class=\"column-6\">     <\/td><td class=\"column-7\">       <\/td><td class=\"column-8\"><\/td>\n<\/tr>\n<tr class=\"row-11\">\n\t<td class=\"column-1\"><\/td><td class=\"column-2\"><\/td><td class=\"column-3\"><\/td><td class=\"column-4\"><\/td><td class=\"column-5\"><\/td><td class=\"column-6\">      <\/td><td class=\"column-7\">        <\/td><td class=\"column-8\">  <\/td>\n<\/tr>\n<\/tbody>\n<\/table>\n<!-- #tablepress-62 from cache -->\n\n<table id=\"tablepress-73\" class=\"tablepress tablepress-id-73\">\n<thead>\n<tr class=\"row-1\">\n\t<th class=\"column-1\">Sch\u00fctze<\/th><th class=\"column-2\">1.<\/th><th class=\"column-3\">2.<\/th><th class=\"column-4\">3.<\/th><th class=\"column-5\">4.<\/th><th class=\"column-6\">5.<\/th><th class=\"column-7\">6.<\/th><th class=\"column-8\">7.<\/th><th class=\"column-9\">8.<\/th><th class=\"column-10\">9.<\/th><th class=\"column-11\">10.<\/th><th class=\"column-12\">Schnitt<\/th>\n<\/tr>\n<\/thead>\n<tbody class=\"row-striping row-hover\">\n<tr class=\"row-2\">\n\t<td class=\"column-1\">Kuckuck, Marko<\/td><td class=\"column-2\">  544<\/td><td class=\"column-3\"><\/td><td class=\"column-4\">556<\/td><td class=\"column-5\">549<\/td><td class=\"column-6\"><\/td><td class=\"column-7\"><\/td><td class=\"column-8\"><\/td><td class=\"column-9\"><\/td><td class=\"column-10\"><\/td><td class=\"column-11\"><\/td><td class=\"column-12\">549.67<\/td>\n<\/tr>\n<tr class=\"row-3\">\n\t<td class=\"column-1\">Craul,Andre<\/td><td class=\"column-2\"> 546<\/td><td class=\"column-3\">549<\/td><td class=\"column-4\">545<\/td><td class=\"column-5\">531<\/td><td class=\"column-6\">539<\/td><td class=\"column-7\">545<\/td><td class=\"column-8\"><\/td><td class=\"column-9\"><\/td><td class=\"column-10\"><\/td><td class=\"column-11\"><\/td><td class=\"column-12\">542.5<\/td>\n<\/tr>\n<tr class=\"row-4\">\n\t<td class=\"column-1\">T\u00fcrpitsch,Kathrin<\/td><td class=\"column-2\"> 533<\/td><td class=\"column-3\">536<\/td><td class=\"column-4\">547<\/td><td class=\"column-5\">536<\/td><td class=\"column-6\"> 542<\/td><td class=\"column-7\"><\/td><td class=\"column-8\"><\/td><td class=\"column-9\"><\/td><td class=\"column-10\"><\/td><td class=\"column-11\"><\/td><td class=\"column-12\">538.8<\/td>\n<\/tr>\n<tr class=\"row-5\">\n\t<td class=\"column-1\">Schlegel,Kai<\/td><td class=\"column-2\"> 537<\/td><td class=\"column-3\">563<\/td><td class=\"column-4\">550<\/td><td class=\"column-5\">548<\/td><td class=\"column-6\">557<\/td><td class=\"column-7\">557<\/td><td class=\"column-8\"><\/td><td class=\"column-9\"><\/td><td class=\"column-10\"><\/td><td class=\"column-11\"><\/td><td class=\"column-12\">552<\/td>\n<\/tr>\n<tr class=\"row-6\">\n\t<td class=\"column-1\">Stadick,Marcus<\/td><td class=\"column-2\"><\/td><td class=\"column-3\">529<\/td><td class=\"column-4\">  <\/td><td class=\"column-5\"><\/td><td class=\"column-6\"><\/td><td class=\"column-7\">541<\/td><td class=\"column-8\"><\/td><td class=\"column-9\"><\/td><td class=\"column-10\"><\/td><td class=\"column-11\"><\/td><td class=\"column-12\">535<\/td>\n<\/tr>\n<tr class=\"row-7\">\n\t<td class=\"column-1\">Schallenberg,Jan<\/td><td class=\"column-2\"> <\/td><td class=\"column-3\"><\/td><td class=\"column-4\">    <\/td><td class=\"column-5\"><\/td><td class=\"column-6\">551<\/td><td class=\"column-7\">555<\/td><td class=\"column-8\"><\/td><td class=\"column-9\"><\/td><td class=\"column-10\"><\/td><td class=\"column-11\"><\/td><td class=\"column-12\">553<\/td>\n<\/tr>\n<tr class=\"row-8\">\n\t<td class=\"column-1\">Seifert,Wolfgang<\/td><td class=\"column-2\"><\/td><td class=\"column-3\"><\/td><td class=\"column-4\">      <\/td><td class=\"column-5\"><\/td><td class=\"column-6\"><\/td><td class=\"column-7\"><\/td><td class=\"column-8\"><\/td><td class=\"column-9\"><\/td><td class=\"column-10\"><\/td><td class=\"column-11\"><\/td><td class=\"column-12\">0<\/td>\n<\/tr>\n<tr class=\"row-9\">\n\t<td class=\"column-1\"><\/td><td class=\"column-2\"> <\/td><td class=\"column-3\"><\/td><td class=\"column-4\"><\/td><td class=\"column-5\"><\/td><td class=\"column-6\"><\/td><td class=\"column-7\"><\/td><td class=\"column-8\"><\/td><td class=\"column-9\"><\/td><td class=\"column-10\"><\/td><td class=\"column-11\"><\/td><td class=\"column-12\">0<\/td>\n<\/tr>\n<\/tbody>\n<\/table>\n<!-- #tablepress-73 from cache -->\n","protected":false},"excerpt":{"rendered":"<p>Hessenliga<\/p>\n","protected":false},"author":1,"featured_media":0,"parent":0,"menu_order":0,"comment_status":"closed","ping_status":"closed","template":"onecolumn-page.php","meta":{"footnotes":""},"class_list":["post-1651","page","type-page","status-publish","hentry"],"_links":{"self":[{"href":"https:\/\/www.schuetzenclub-windecken.de\/index.php?rest_route=\/wp\/v2\/pages\/1651","targetHints":{"allow":["GET"]}}],"collection":[{"href":"https:\/\/www.schuetzenclub-windecken.de\/index.php?rest_route=\/wp\/v2\/pages"}],"about":[{"href":"https:\/\/www.schuetzenclub-windecken.de\/index.php?rest_route=\/wp\/v2\/types\/page"}],"author":[{"embeddable":true,"href":"https:\/\/www.schuetzenclub-windecken.de\/index.php?rest_route=\/wp\/v2\/users\/1"}],"replies":[{"embeddable":true,"href":"https:\/\/www.schuetzenclub-windecken.de\/index.php?rest_route=%2Fwp%2Fv2%2Fcomments&post=1651"}],"version-history":[{"count":6,"href":"https:\/\/www.schuetzenclub-windecken.de\/index.php?rest_route=\/wp\/v2\/pages\/1651\/revisions"}],"predecessor-version":[{"id":3883,"href":"https:\/\/www.schuetzenclub-windecken.de\/index.php?rest_route=\/wp\/v2\/pages\/1651\/revisions\/3883"}],"wp:attachment":[{"href":"https:\/\/www.schuetzenclub-windecken.de\/index.php?rest_route=%2Fwp%2Fv2%2Fmedia&parent=1651"}],"curies":[{"name":"wp","href":"https:\/\/api.w.org\/{rel}","templated":true}]}}